+ 20, 2*q + 3*w = 5*q - 6. Let d be (q/(-12) - -1)*-6. Is (151 - 0) + (d - -2) prime?
True
Let k(q) = 116*q**2 + 24*q + 29. Is k(-8) a composite number?
True
Is (-5218)/6*(-4 + (-2)/(-2)) a prime number?
True
Suppose -2*n + 22328 = 2742. Is n a composite number?
True
Suppose -4*g - 18 - 70 = 0. Let r be (-4)/g + (-106)/(-22). Suppose 2*k = -4*m + 170, 2*k - r*m + 94 = 3*k. Is k composite?
False
Suppose 0 = -57*s - 14*s + 293017. Is s a composite number?
False
Suppose 77726 = 3*a + 5*t, a - 5*t - 28318 + 2416 = 0. Is a a prime number?
False
Let o(p) = -p**3 + p**2 + 11*p + 9103. Is o(0) prime?
True
Let d(x) = -x**2 + 14*x - 7. Let h be d(13). Let k be ((-4)/h)/(1/(-6)). Suppose -k*l + 630 = 2*z, 4*z = -2*l - z + 335. Is l a composite number?
True
Let b(t) = 162*t + 7. Let m(w) = 486*w + 20. Let h(z) = 17*b(z) - 6*m(z). Let r be h(-3). Suppose 18*s = 13*s + r. Is s a composite number?
False
Let g = 1771 + -684. Is g composite?
False
Let y = 80 + -75. Let q = 1 - 0. Is (-2056)/32*(q - y) composite?
False
Let r(k) = k**3 + 5*k**2 + 4*k - 1. Let o be r(-4). Let v be (-28)/o*102/(-24). Is 2 - 6/3 - v a prime number?
False
Let o = 1311 - 2047. Let l = o - -1235. Is l composite?
False
Let p = 24 + -22. Suppose p*t - 2455 = -5*m, -1418 - 64 = -3*m - 3*t. Suppose 1490 - m = 7*f. Is f a composite number?
True
Let c = 40 - 44. Is (982/(-16)*-2)/(c/(-16)) a composite number?
False
Let j(u) = 20*u**2 + 10*u + 19. Is j(-6) a composite number?
True
Let q(z) = 226*z**2 - 24*z - 47. Is q(11) prime?
False
Let n = 18885 + -12678. Is n prime?
False
Let a(l) = 161*l**3 - l**2 - 1. Let f be a(-1). Let b = f + 374. Is b composite?
False
Let x(v) = v**3 + 11*v**2 - 2. Let y be x(-11). Let m be (1 + (-3)/3)/y. Suppose m = -k + 5*k - 508. Is k a prime number?
True
Suppose r - 4886 = -5*o, 6*o + 19529 = 4*r + 11*o. Is r composite?
True
Suppose f - 4*m - 1308 - 5305 = 0, 26478 = 4*f - 3*m. Is f a composite number?
True
Suppose -1037 = -12*w + 13*w. Is w/(-4) - 6/24 prime?
False
Suppose -3*x + 7*x = 0, -x = 4*n - 12340. Is n/10 - (-9)/(-6) a prime number?
True
Let l be 1/(-1) - (17 + -20). Suppose -l*u = 0, 5*g - 3*u - u = 185. Is g a prime number?
True
Suppose -p - 1655 = -6*p. Is p composite?
False
Let d(h) = 6*h**2 - 4*h - 21. Suppose 7*n - 11*n + 56 = 0. Is d(n) prime?
False
Suppose 2186 = k - 1121. Is k composite?
False
Suppose 25883 = l + 2*l + 4*u, -4*u = 5*l - 43141. Suppose -5*a + l = 2459. Suppose -2*k + j + 657 = 0, 0 = -4*k + 3*j + a + 79. Is k prime?
False
Suppose -126 = 3*w + 4*w. Let y = -26 - w. Let v(x) = -4*x + 3. Is v(y) composite?
True
Suppose 11*w = 258487 - 12450. Is w composite?
False
Let h(x) = -x**2 - 1. Let i(u) = -13*u**3 - 5*u**2 - 6*u - 15. Let s(a) = -2*h(a) - i(a). Is s(7) a composite number?
False
Let k = 70443 + -39430. Is k composite?
False
Suppose t + 3*q + q = 1, 5*t + q = -14. Is (2979/27)/((-1)/t) a composite number?
False
Suppose -12*l + 37833 = 9093. Is l composite?
True
Suppose -26*q = -34*q + 14584. Is q prime?
True
Let n = -7 - -17. Suppose 4*z = 9*z - n. Suppose -709 = -5*p + 4*f - f, -284 = -z*p + f. Is p a composite number?
True
Let p(h) = -1723*h**3 - 5*h**2 - 8*h - 15. Is p(-2) a prime number?
False
Let u(p) = -4*p**2 - 24*p - 9. Let s be u(-6). Let v(h) = h**3 + 9*h**2 - 7*h + 16. Is v(s) a prime number?
True
Let b be -1 - (-6 + (8 - 4)). Is ((-521)/2)/(b/(-2)) composite?
False
Let s be (3 + 12)*2/(-6). Let j = 14 - s. Let f = j + 4. Is f composite?
False
Let r = -54 - -56. Is -4 + r + (-925)/(-1) composite?
True
Suppose 4*u = -5*w + 6*w - 10, -3*w + 37 = -5*u. Let p = w + 17. Is p a composite number?
False
Suppose -17*o + 20408 = -9*o. Is o composite?
False
Let k be (-4)/10 - (-242)/55. Let x be (k/2)/((-1)/(-1)). Suppose -x*y - 2*c = -892, -y = -5*c - 530 + 90. Is y composite?
True
Is -12 - (-8)/(24/2253) composite?
False
Suppose -2*a + 5*p = -196, 3*p = 3*a - p - 294. Let o = a + -16. Is o a composite number?
True
Let p be 4/(-1 + (5 - 3)). Let v = p - 31. Is (-6741)/v - 2/3 a prime number?
False
Suppose 0 = -3*g + 11 + 4. Suppose 0 = 4*r + g*i + 274 - 1199, 2*r = 5*i + 485. Is r a prime number?
False
Let m(y) = 535*y - 9. Let s(o) be the first derivative of 3*o**2/2 + 26*o + 9. Let d be s(-8). Is m(d) prime?
True
Suppose -11*j + 308619 = -2912. Is j prime?
False
Suppose -4 = -4*c, 2*c + 10 = -5*f + 22. Let j(w) = -29*w**3 - 4*w - 52*w**3 - f*w + 5*w. Is j(-1) a prime number?
False
Suppose -5*g + 15 = -2*d, d = -5*g - d + 15. Suppose 0 = -2*s - 5*z + 379, -g*z = -12 - 3. Is s composite?
True
Let m(v) = v**2 - 4*v + 10. Let r be m(14). Let j = r - 257. Let d = 186 - j. Is d a composite number?
False
Suppose 4*x + 371 = 2583. Is x a composite number?
True
Let l(c) = 8*c**2 + 10*c + 1. Is l(9) composite?
False
Suppose 0 = 5*s - 293 + 28. Let k(i) = i**2 - 10*i + 8. Let h be k(6). Let q = h + s. Is q a prime number?
True
Suppose -7*u = -6*u - 3. Let k = -15 - u. Is 1/3 - 768/k a composite number?
False
Suppose 0 = 63*j - 54*j - 20079. Is j a composite number?
True
Let j(t) = 286*t**2 - t + 2. Suppose 15 = 6*f - 3*f. Suppose -1 = f*r - 6. Is j(r) a composite number?
True
Suppose -5*u + 4*n + 31202 = -148373, -4*u + 4*n = -143664. Is u composite?
False
Let p(w) be the third derivative of w**7/252 - w**6/720 - w**5/120 + w**4/12 + 9*w**2. Let m(c) be the second derivative of p(c). Is m(2) a prime number?
True
Let f(b) = 7*b**2 - 3*b + 6. Let a(s) = 6*s + 6. Let n(l) = l + 1. Let v(w) = -2*a(w) + 11*n(w). Let g(t) = f(t) + 3*v(t). Is g(4) a composite number?
True
Suppose 20*g - 4989 = 421831. Is g prime?
True
Suppose -2*d = 3*k + 2*d - 2571, 0 = 5*k - 4*d - 4285. Suppose 3*x + k = 2*v + 2*v, -4*v = x - 845. Let i = v - 145. Is i composite?
False
Let a = 61427 - 15598. Is a a composite number?
True
Suppose 0 = -14*g + 8*g + 138. Suppose 28*h - 815 = g*h. Is h a composite number?
False
Suppose -7 - 5 = -4*n. Suppose -4*m - n*r + 301 = -534, -4*m + r = -847. Is m prime?
True
Suppose -t - 2 = -2*g, 4*t + 1 = -2*g + 3. Suppose 0 = -y - t*d + 5*d + 258, -2*y = -5*d - 511. Is y a prime number?
False
Let i(j) = -3532*j - 2. Let p be i(1). Is p/(-12) + (-9)/6 prime?
True
Suppose -f = -3*f. Suppose 3*q = -f*q + 1833. Suppose 2*h - 938 = -p, -2*h + 327 + q = 3*p. Is h prime?
False
Let z(m) = 62*m**2 + 39*m + 12. Is z(-7) composite?
False
Let v(m) = 3*m + 68. Let p be v(-21). Suppose w + 3390 = 5*t, 2*t = -2*t + p*w + 2691. Is t composite?
True
Let q be 1/(-1 - 52/(-54)). Let f(m) = m**2 + 27*m - 80. Let g be f(-30). Let w = g - q. Is w a composite number?
False
Let f(x) = 12*x**2 + 6*x + 5. Let v be f(-8). Suppose -3*g - 2*g = v. Let t = g - -542. Is t a prime number?
True
Is 2*(-5)/20*-526 a prime number?
True
Let v be 631/7 - (-10)/(-70). Is -1 + v + -19 + 15 composite?
True
Let n be 3596/4 - (-4 - -8). Suppose -n = -9*p + 4*p. Is p a composite number?
False
Let l(h) = -619*h - 16. Suppose 8 = -d + 3. Is l(d) a composite number?
False
Suppose 27 = -3*d + 12*d. Is 1904/2 + 1*(d + 0) composite?
True
Suppose 4*p = -4*q + 124, p + 2*p = -2*q + 92. Suppose 0 = 14*v - 19*v + p. Is v prime?
False
Let y(c) = -c + 13. Let m be y(13). Suppose m = p - 1332 + 489. Is p prime?
False
Let q be ((-24)/(-15))/((-16)/(-40)). Is 4206/9*q/((-16)/(-6)) a prime number?
True
Suppose u - 3*u = -2*i - 20, -3*i = 2*u + 5. Let w(g) = 37*g**2 - 6*g + 12. Is w(u) composite?
False
Suppose 4*g - 4 = 0, 0 = 4*p - 5*p - 2*g + 121. Let l = 213 - p. Is l a composite number?
True
Let o(l) = l**3 - 8*l**2 + 6*l + 12. Let v be o(7). Suppose -2*u + 0*k + 532 = -4*k, -2*u = -v*k - 535. Let q = 597 - u. Is q composite?
False
Let m(q) = -q**2 + 6*q + 4. Let w be m(5). Suppose -3*c = -6*c - w. Is 56 - (c + -1 + 1) prime?
True
Suppose -5*z = 2*n - 2824, -2*z - 3*n + 1117 = 2*n. Suppose -z = -j - j. Let a = j - -36. Is a prime?
False
Suppose 31 = 4*b + g, -3*b + 0*b - 2*g = -17. Suppose -b*u = -10*u + 2959. Is u a composite number?
True
Let g(b) = b + 3. Let i be g(5). Suppose -5*p + 5 = 5*k, 3*k + i = 5*p - 29. Suppose -4*m = -p*m + 51. Is m composite?
True
Let l(b) = 4 + 4*b**2 - 5*b + b**3 + 9*b + 2. Let r be l(-3). Suppose 0 = 3*x + 4*o - 751, x - r*x - 4*o = -494. Is x a prime number?
True
Let v = 14208 - -505. Is v a prime number?
True
Suppose 44*x - 29*x - 115755 = 0. Is